ate -3 + (11 + -3 - 2).
3
What is 0 + 3 - (-57 - -61)?
-1
9 + -4 + -5 + 0 + 2
2
Calculate 87 + -74 - (10 + -1).
4
Calculate (1 - 0) + (7 - 2 - 3).
3
What is -5 - (-2 - (-3 + 2))?
-4
What is 4 + 0 + -10 + 5 + 3?
2
Evaluate (-95 - -94) + (-8 - (-3 + 1)).
-7
Calculate -26 + 16 - (-22 + 3).
9
What is the value of 3 + (-6 - 1) + 0?
-4
What is the value of 8 + 1 + -2 + -3?
4
Calculate -4 - (5 + -1 + -3).
-5
Calculate -6 + (-4 - -7) - (0 + -1).
-2
What is 7 + 1 - (0 - (1 - 5))?
4
Evaluate -7 + 2 + (0 + 2 - -1).
-2
Evaluate -11 + 2 + 19 + -11.
-1
What is -4 + 1 + 5 - (2 - 3)?
3
Calculate 1 + 2 + 3 + -4 + -1.
1
(1 - 0) + (-20 - -20)
1
Calculate (-3 - -9) + 4 + -10.
0
What is (-9 - (-3 + 4)) + 16?
6
What is (1 - 3 - -2) + (1 - 0)?
1
What is 7 - 12 - (2 + -7)?
0
What is the value of -2 + (-7 - (-5 + -4)) + -7?
-7
Calculate (-8 + 7 + -5 - 6) + 4.
-8
Evaluate (-5 - -2) + 12 + -15.
-6
What is 7 - (5 + (-5 - (-2 - 0)))?
5
-4 - (-2 + (3 - 2))
-3
Calculate 1 + (4 - ((4 - 5) + 6)).
0
Calculate (-1 - (-8 - -7)) + 4 - 2.
2
What is the value of 4 - (2 - (-8 - -3 - 2))?
-5
What is 11 + -7 - (7 + -3)?
0
Evaluate 2 + (9 + -6 - (3 + 3)).
-1
What is the value of 1 + (-6 - -3 - -8) + 3?
9
10 + -1 + (33 - 38)
4
Evaluate (-6 + 5 - -8) + -12.
-5
What is the value of -8 - ((5 - 8) + -2)?
-3
What is the value of -3 - (8 + (-1 - 4))?
-6
What is -8 + 6 + (6 - 2)?
2
8 - (5 + -4) - 6
1
Evaluate (5 - 7 - -3) + 6 - 0.
7
What is the value of -1 + -1 + -32 + 37?
3
-1 + 3 - (4 + -1 - 0)
-1
Evaluate 1 + -3 + (19 - 18).
-1
1 - 9 - (-2 - 9)
3
Evaluate 1 + 5 + -35 + 32 + 2.
5
What is the value of -17 + 18 + -2 + (11 - 2)?
8
-20 - -29 - (0 + 11)
-2
What is 7 + 3 + (0 - 7)?
3
What is the value of -5 + (1 - (0 + -2))?
-2
Evaluate -4 - ((-15 - -11) + 2 + -9).
7
What is the value of (-5 - -13) + -1 - 8?
-1
What is the value of 0 - (4 + -4) - 4?
-4
0 + (-1 - (-3 + 2))
0
16 - (0 - (-1 - 8))
7
4 + -2 + 3 + -11
-6
Calculate 9 - 9 - (-4 + 0).
4
1 + (0 - -2) - (-16 - -12)
7
3 - -1 - (1 + 3 + -4)
4
Evaluate (-7 - 2) + 4 + (0 - -4).
-1
19 - 5 - (7 + 0 - 2)
9
3 + (-6 - (-11 + 6))
2
What is 8 + 3 - (14 + -9)?
6
Calculate 8 + (2 - (18 - 11)).
3
Calculate 5 + 0 - -1 - (132 + -128).
2
What is (-32 - -34) + -1 + -2 + 4?
3
(3 - -6) + 11 + -15
5
Evaluate (16 - -1) + (5 - 16).
6
Evaluate -9 + (11 - 6) + 2.
-2
Evaluate -7 + (0 - 4 - -6).
-5
12 - (11 + -3 + -2)
6
What is 5 - (1 + 0 + 1 + 0)?
3
What is the value of 1 - (4 - -2) - -11?
6
Evaluate -5 + (-1 - -2) + 0 + 4.
0
Evaluate (10 - 5 - (5 + -7)) + -3.
4
What is -3 + (6 - (-9 + 4))?
8
What is 2 + 2 + 0 - (19 - 16)?
1
Calculate (-9 + (3 - 0) - -5) + 1.
0
What is 0 - 1 - (-22 + 15)?
6
Evaluate 16 + 1 + -6 + -6 - -4.
9
Evaluate 2 - (-1 + 3 + 1 - 6).
5
2 - 5 - (0 - (-3 - -5))
-1
Evaluate -6 + 5 + 2 + 4 + 0.
5
What is (3 - (6 - -2)) + (-2 - -11)?
4
What is the value of (-6 - (-13 - (-3 + 0))) + 1?
5
(2 - 4 - -6) + -3
1
What is the value of -1 + 2 - (-1 - -1 - -1)?
0
-1 + 1 - 7 - (7 - 10)
-4
Calculate 8 - (-1 + 9) - 1.
-1
Calculate 1 + 1 - (7 + -5 - 5).
5
Evaluate 1 + (-5 - (-1 + -2)).
-1
What is 1 - 4 - ((3 - 5) + 3)?
-4
0 - (-1 + 4) - 0
-3
Calculate -20 - -15 - (-1 - -2 - 4).
-2
Calculate 6 - (-2 + (-3 - -6) + 2).
3
-8 - (4 + -1 - 12)
1
Calculate -7 - (-7 + 0 - (10 - 11)).
-1
Evaluate -6 + (4 - (3 - 1)).
-4
-2 - (-8 + 8 - (1 - 2))
-3
What is 1 + 0 - (4 - (2 - 8))?
-9
Evaluate -13 + 7 + (-5 - (-3 + 0)).
-8
What is the value of -5 - ((-3 - 1) + -5)?
4
Evaluate 0 - (-6 + 1 + 0 + 7).
-2
(-1 - (2 - 3)) + 43 + -37
6
What is the value of 4 - (-6 + 13 - -2)?
-5
What is the value of -2 + (1 - (-1 + 2 - 7))?
5
(2 - 5) + (6 - 3) + -2
-2
Evaluate -5 - (5 + -16 + -3) - 1.
8
-9 - (-9 - 1 - -4 - -2)
-5
What is (3 - 4) + (3 - 0) - -3?
5
-2 - (-7 + 1 - 1)
5
Calculate -1 - ((1 - 4) + 7).
-5
22 - 34 - (-6 - -1)
-7
What is the value of (2 - 0) + 4 + -4?
2
What is -1 + -1 + 12 + (-19 - -15)?
6
What is 1 + 2 - (116 + -118)?
5
Calculate (-3 - 8) + 1 + 10.
0
What is -3 + 4 + -3 + 2 + -5?
-5
What is the value of 1 + (2 - 10) + 4?
-3
What is the value of 8 - (10 + 5) - -7?
0
What is the value of -16 - (-4 + -4) - -6 - -9?
7
What is the value of 8 - 24 - -11 - (-2 - 1)?
-2
Evaluate -11 - (8 + -15) - (0 + 0).
-4
Calculate (7 - -1) + 31 + -31.
8
What is -2 + 1 + (-14 - (7 + -26))?
4
What is the value of (1 - (-4 + -3)) + -6?
2
(1 - 7) + (11 - 6)
-1
Calculate -7 - ((-12 - 4) + 6).
3
Calculate -5 + 12 - 7 - 4.
-4
Calculate -2 + -5 + -22 + 27 - -6.
4
(1 - 0) + -16 + 18
3
What is the value of -58 - -60 - (-1 - 0)?
3
13 + -3 + -3 + (1 - 5)
3
What is -3 - (1 + -3) - (-14 - -18)?
-5
Calculate 0 + 2 - (-4 + 16 - 12).
2
Evaluate 1 + -6 + 39 + -23 + -19.
-8
-1 + (-1 - -3 - 0) + 2
3
1 + 10 + -6 - 8
-3
What is the value of -1 - 9 - (-37 + 31)?
-4
Calculate 10 + -7 - 0 - 9.
-6
Calculate -3 + (-1 - -2) + 3.
1
What is 1 + (1 - (-1 + 2))?
1
What is 15 + -20 + (-8 - (0 + -4))?
-9
Calculate -3 + (-47 - -41 - (1 - 11)).
1
3 + -21 + 8 + 6
-4
What is -1 - ((-7 - -8) + 1 + 4)?
-7
Evaluate -44 + 33 + 2 + (3 - 2).
-8
22 + -26 + (5 + -1 - 0)
0
-1 + -4 + 9 + -7
-3
Calculate -3 + (3 + (2 - 7) - -10).
5
Evaluate 12 + (-4 + -2 - -1) + -5.
2
5 - (12 - (1 + 16))
10
What is -8 - ((-5 - -9) + -7 - -1)?
-6
What is the value of -4 + (-1 - ((5 - 4) + -1))?
-5
What is the value of (4 - 1) + (-1 - (2 + 4))?
-4
What is -3 + (2 - 3) - -9?
5
Evaluate (-2 - -4) + 0 - 1.
1
-12 - -2 - (5 + -10)
-5
2 + 1 + (-7 - -3) + 5
4
Calculate (-4 - 4) + (6 - 0).
-2
Evaluate 65 + -62 + (0 - 0).
3
What is 0 - (-3 - (0 + 2))?
5
Evaluate -12 + 5 + 5 + -1.
-3
Evaluate -4 + (-9 + 10 - (1 + -4)).
0
What is the value of -4 + -4 + 5 - 1?
-4
(-6 - -10) + -4 + -1
-1
What is the value of 1 + -6 + (9 - -1) + -6?
-1
What is 8 + 4 + -23 - -17?
6
What is the value of -8 + 8 + 2 + -2?
0
What is the value of 22 - 21 - (-2 - (-1 + -1))?
1
Evaluate 5 + 0 - (6 + 4).
-5
What is 1 + -5 - -1 - -4?
1
Calculate 3 - 0 - (3 + -4 + 3).
1
What is the value of (-7 - -23) + (4 - 14)?
6
Evaluate 6 - (-4 - -23 - 6).
-7
Evaluate -18 + 8 + 2 + 15.
7
What is the value of -8 + (9 - 5) + -2?
-6
Calculate 6 - 8 - (4 + 0).
-6
What is 57 - 59 - ((1 - 0) + -4)?
1
What is the value of -10 - ((-22 - -8) + 8)?
-4
4 - 11 - (-1 + -12)
6
What is 1 + (10 + -6 - 10)?
-5
Evaluate (-14 + 15 - (4 + -2)) + -1.
-2
What is the value of (-1 - 1) + (8 - (6 - -2))?
-2
Calculate -1 - (-2 - (1 - (4 - 7))).
5
Calculate -1 + -5 + 12 - 7 - -3.
2
0 + 15 + -8 + (-3 - 1)
3
Evaluate 7 + 0 + (6 - 10).
3
What is (9 - (9 + -2 + -3)) + -4?
1
What is 4 - (0 + 1 - (26 + -30))?
-1
What is -11 - (-3 - -3) - -14?
3
Evaluate 1 + -7 + 5 + -4.
-5
13 + -10 - (1 - (3 - 4))
1
What is the value of (-2 - 1) + -16 + 18?
-1
What is the value of 1 - (-11 - -19) - -11?
4
Calculate -1 + 5 - (-5 + 0 + 4).
5
What is 21 - 23 - (0 - 2)?
0
(-3 + 3 - -2) + -1
1
Calculate 8 - (0 + (-8 - -23)).
-7
What is -2 - -12 - -5 - 6?
9
(-9 - (2 - 21)) + -3
7
Calculate 0 - (-7 + 3 - -2).
2
Evaluate -4 - (6 + -1) - -3 - 0.
-6
Evaluate (0 - 1) + -3 + 8.
4
-4 + 0 + (2 - -2) + -3
-3
What is the value of -6 + 6 - (2 + -5)?
3
What is -2 + 0 - ((-7 - -5) + -1)?
1
Evaluate -1 + 4 - (11 + -14 - -11).
-5
What is the value of 3 + (-2 - 4) - (-9 + 2)?
4
(-8 - (0 - 6)) + (-5 - -1)
-6
1 - (1 - 6 - -8)
-2
Calculate -2 - (7 + -11) - (-3 + 1).
4
What is the value of 5 - (-4 - (-4 - 4))?
1
5 - (0 - (-5 + -2))
-2
Evaluate 1 + -2 + 0 - (8 - 10).
1
5 + 1 - (7 - (-13 + 10))
-4
Calculate -1 + -3 + 3 + 5.
4
What is 9 + -6 + -4 + 7 + -3?
3
-7 + 0 + 4 + -2
-5
Calculate -7 + -8 + 13 + 1.
-1
What is -2 - ((-3 - -1) + 4)?
-4
What is 13 - 7 - 16 - -16?
6
-1 - (-6 + -1 + 4)
2
Evaluate -3 + (-6 - (-5 - 5)).
1
What is -7 + 6 - (2 + -4 - -2)?
-1
-2 - -5 - (4 + -3) - 6
-4
What is -3 - (3 + (-5 - 3) + 3)?
-1
What is the value of 7 - 1 - (-6 - -19)?
-7
20 + -21 + (-1 - (-1 + 0))
-1
Calculate (0 - 2) + (2 - (5 - 2)).
-3
Evaluate (-2 - (-3 - 3)) + -4.
0
-2 + 0 + 21 + -17
2
Calculate (3 + (-14 - 1) - -6) + 1.
-5
Evaluate (10 - 5 - 0) + 0 + 0.
5
Calculate (3 - ((0 - 2) + 3)) + 1.
3
What is the value of 3 + (-10 - -11) + -7 + 1?
-2
Calculate 3 - (-1 - -1 - 1).
4
Calculate (3 - (5 + -2)) + 4.
4
What is -5 - (1 - (-2 + -2 + 6))?
-4
What is the value of (2 - 4) + 8 - (2 + 6)?
-2
What is -2 + (7 - 1) - (-1 + 1)?
4
Evaluate (1 - 2) + (1 - (-3 + 3)).
0
Calculate -4 - (0 + -2) - 4 - -2.
-4
Calcula